alculate the remainder when k is divided by b.
15
What is the remainder when 5/3 + -93*(-152)/18 is divided by 72?
67
Suppose 54 = -2*r + 4*r. Let d = 22 + -33. Let z = d + 18. What is the remainder when r is divided by z?
6
Let t = -117 + 248. What is the remainder when 2225 is divided by t?
129
Let b = 3 - -2. Let w be 4/(b*(-12)/(-50))*3. Suppose -8*n - 54 = -w*n. What is the remainder when n is divided by 7?
6
Let y be ((-8)/(-3))/((-3)/(-9)). Let g be (1 - y/6)*-93. Let x = g - -2. What is the remainder when x is divided by 6?
3
Suppose 11061*g - 11066*g = -195. Calculate the remainder when 451 is divided by g.
22
Let y(b) = 9*b**2 - b + 49. Let c(g) = 11*g**2 + 48. Let n(t) = 5*c(t) - 6*y(t). Suppose 18 = r - 2. Calculate the remainder when n(8) is divided by r.
18
Suppose 0 = -2*r - 12, -104*t + 103*t + 1648 = -3*r. Calculate the remainder when t is divided by 51.
49
Suppose 3*h - 106 - 5 = 0. Let s = -33193 - -33303. Calculate the remainder when s is divided by h.
36
Suppose -n + 21 = t, 24 - 91 = -3*t + n. What is the remainder when 1862 is divided by t?
14
What is the remainder when 321 is divided by ((-16)/72)/((-18)/1296) - -9?
21
Suppose -124*g + 750*g = 78250. What is the remainder when 403 is divided by g?
28
Let o(n) = n**3 - 34*n**2 + 35*n - 60. Let k be o(33). Suppose b + 0*b + 5 = 0, p - k = -5*b. Let g = 38 - -22. What is the remainder when g is divided by p?
29
Suppose 30*c - 31302 - 3221 = -3953. Calculate the remainder when 3062 is divided by c.
5
Let z be -2 + -186 + 1 - 2. Let s = 290 + z. Suppose 666 = -81*x + 3501. What is the remainder when s is divided by x?
31
Suppose -x + 206 = -4*d + 2362, -2*x - 2160 = -4*d. What is the remainder when d is divided by 162?
52
Let p = -13052 + 13420. Calculate the remainder when p is divided by 76.
64
Let i = 146 + -75. Calculate the remainder when i is divided by (-95)/(-3) - 6/(-18).
7
Let j(p) = p**2 - 19*p + 53. Let y be j(16). Suppose 0 = -y*x + 2*l + 58, 3*l - 23 = -4*x + 28. What is the remainder when 334 is divided by x?
10
Let c = 199 + 406. Suppose 0 = -100*p + 95*p + c. Suppose 5*n = 4*n + 25. Calculate the remainder when p is divided by n.
21
Let l = 312 - 246. Suppose g = x + l, 4*g - 328 = -g + 4*x. Calculate the remainder when 122 is divided by g.
58
Suppose 15 + 84 = 4*f + 3*p, 2*f - p - 57 = 0. Suppose -2*k = -199 + 189. Calculate the remainder when f is divided by k.
2
Suppose 0 = -11*s + 10 + 1. Suppose -g + 3*z + 18 = 0, g - 5*z - 22 = -z. What is the remainder when g is divided by s?
0
Let b = 2256 - 2241. Let h(n) = -n - 2*n + 2 + 2*n. Calculate the remainder when b is divided by h(-8).
5
Let y(q) be the third derivative of 3*q**4/8 + 17*q**3/2 - 59*q**2. Calculate the remainder when y(19) is divided by 15.
12
Let f be ((-45)/(-6) - 3)*6. Let k = 9 + f. Let u = -2338 - -2351. What is the remainder when k is divided by u?
10
Let b = -63 - -77. Suppose -2*z = -x + 7, -4*z + b = 6. Calculate the remainder when 285 is divided by x.
10
Suppose -102*v + 22 = -80. Let h be 6/(-9)*(-270)/12. Suppose -2*g = -5*p - 0*p + 22, -3*g = -3*p + h. What is the remainder when p is divided by v?
0
Let u be ((-32)/192)/(2/(-1356)). Let q = 132 - u. Calculate the remainder when 92 is divided by q.
16
Let d(g) = 793*g - 5488. Calculate the remainder when 3432 is divided by d(8).
8
Suppose 2*b = b + 37. Calculate the remainder when 24/(-72) - ((-322)/3 + 4) is divided by b.
29
Let h = -401 + -172. Let l = 871 + h. Calculate the remainder when l is divided by 7.
4
Let p(h) = 4*h**2 + 2286*h - 11428. Calculate the remainder when p(5) is divided by 39 - (-2 + 1 + 0).
22
Suppose 4*i = 10*i - 18. Let x be (-2)/(-17) + (-1084)/(-34). Suppose 4*l = i*l - 4*y + x, 3*l + y - 41 = 0. What is the remainder when l is divided by 7?
5
Let s = 99 + 2045. What is the remainder when s is divided by 269?
261
Suppose b - 5 = g, -4*b - 5*g + 3 + 17 = 0. Suppose -2*n - 2*a + 33 = -33, 5*a + 185 = b*n. What is the remainder when 66 is divided by n?
31
What is the remainder when (528/(-308))/(3/(-595)) is divided by 88?
76
Let y(u) = u**3 + 13*u**2 - 11*u - 19. Let k be y(-6). Suppose 8*b - 245 = k. Calculate the remainder when 336 is divided by b.
64
Let a = -156 - -330. What is the remainder when a is divided by (-600)/(-360)*819/15?
83
Suppose -5*a - 2*r + 53 = -4*r, 41 = 5*a + r. Suppose -3*k = -d + 50, 2*k - 19 = -2*d + 97. Let l = 62 - d. What is the remainder when a is divided by l?
3
What is the remainder when (1565/(-2) + -2)/(11 + 175/(-14)) is divided by 187?
149
Let z(y) = 24*y + 9 - 110 - 52 + 9 + 7. Calculate the remainder when z(14) is divided by 50.
49
Let c(z) = -2*z**3 + 10*z**2 - 14*z - 10. Let j be c(6). Let l = 202 + j. What is the remainder when l is divided by 5?
1
Suppose -4*t + 3*t + 12 = 0. Suppose -n = 5*z - 143 - 137, 56 = z - n. What is the remainder when z is divided by t?
8
Suppose 125 = -q + 4*n + 171, 2*q = 2*n + 80. Calculate the remainder when 713 is divided by q.
29
Suppose r - 603 = -5*f - r, 0 = -r - 1. Let k(u) = 39*u - 2019. What is the remainder when f is divided by k(52)?
4
Let h(g) = 21614*g**2 - 225*g - 226. Calculate the remainder when h(-1) is divided by 14.
11
Let v = -198 - -75. Calculate the remainder when 6 - 10 - (0 + v) is divided by 343/14 - (-1)/(-2).
23
Suppose -136*d + 6840 = 434*d. Calculate the remainder when 2404 is divided by d.
4
Let g(x) = 28*x**2 - x - 1. Suppose 3*i - 47 = -38. What is the remainder when 50 + (3/i)/(4/4) is divided by g(-1)?
23
Let v = 25297 + -25216. Calculate the remainder when v is divided by 2.
1
Suppose 336 - 1207 = 3*c - 70*c. What is the remainder when 3535 is divided by c?
12
Suppose 0 = 10*g - 30342 + 7842. What is the remainder when g is divided by 98?
94
Let b(y) = y**3 + 27*y**2 - 30*y + 29. What is the remainder when b(-28) is divided by 24?
13
Calculate the remainder when 175 is divided by (((-1)/2)/(2/6))/(24/(-1024)).
47
Let a = -2762 + 5278. Calculate the remainder when a is divided by 24.
20
Let g(i) = -3*i**2 + 64*i + 16. Let v be g(21). Let b be ((-2)/(-5))/((-4)/(-300)). Let y = v - b. Calculate the remainder when 12 is divided by y.
5
Let w = 337 + -400. What is the remainder when (10/(-2) + w/(-12))*36 is divided by 2?
1
Suppose 68*j - 58*j = 34190. Suppose 10*q + j = 23*q. What is the remainder when q is divided by 14?
11
Let j = -51017 - -51071. Let l(u) = 106*u**2 - 2*u - 1. Calculate the remainder when l(-1) is divided by j.
53
Suppose -10 = 11*k - 1022. What is the remainder when 551 is divided by k?
91
Suppose -39*r + 2354 + 181 = 0. Suppose 0 = 5*w + 7*s - 2*s - 40, -s = -2. Calculate the remainder when r is divided by w.
5
Suppose -1407 = -20*r + 13*r + 14441. Calculate the remainder when r is divided by 21.
17
Suppose 310 = l + 5*b + 226, 5*b = 0. Calculate the remainder when 2432 is divided by l.
80
Let y = 12157 + -12075. Let m(f) = -5*f + 1. Calculate the remainder when y is divided by m(-4).
19
Let n = -103 - -138. Suppose 66 = q - 4*u, -3*u - n = -2*q + 117. What is the remainder when q is divided by 4?
2
Let q = 54 + -23. Let p(s) = s**2 + 4*s + 22. Let j be p(0). Suppose -4*x + 10 = -j. What is the remainder when q is divided by x?
7
Suppose -5*x = -20 + 5. Suppose -x*s = -m - 4*m + 287, m - s = 57. Suppose 57 = 5*j - m. What is the remainder when j is divided by 8?
7
Suppose -3*b = -2*r - 762, 0 = -0*r + 3*r. Let n = b + -123. Calculate the remainder when n is divided by 46.
39
Let c(p) = 116*p + 6157. Calculate the remainder when 8/(-20) - (-1404)/10 is divided by c(-53).
5
Let j be (-1)/(70/18 - 4). Suppose -p = 4*y - 33, -14*y + j*y - 2*p + 45 = 0. Calculate the remainder when 45 is divided by y.
3
Suppose 15*o = 367 + 818. What is the remainder when o is divided by 60/21*(-14)/(-4)?
9
Let v be (-3 - (-98)/42)/(1/(-3)). Suppose -y + 77 = 4*y - o, -v*y + o = -32. What is the remainder when 37 is divided by y?
7
Suppose 0*o - 3*o - 19 = -2*m, -4*o = 2*m - 12. Let u(b) = 8*b - 28. Calculate the remainder when u(m) is divided by 2.
0
Suppose -u + 5*o + 37 = 264, 0 = -5*o + 10. What is the remainder when u/(-4) - -5*6/40 is divided by 17?
4
Let i(n) = 123*n - 69. Let s be i(2). Suppose 12 = 3*v - s. Calculate the remainder when 212 is divided by v.
23
Let l = 79 + -53. Suppose 3*t 